{"id":502,"date":"2024-11-15T15:10:08","date_gmt":"2024-11-15T20:10:08","guid":{"rendered":"https:\/\/region.youthscience.ca\/fransaskoise\/?page_id=502"},"modified":"2024-11-22T16:34:26","modified_gmt":"2024-11-22T21:34:26","slug":"securite-et-ethique","status":"publish","type":"page","link":"https:\/\/region.youthscience.ca\/fransaskoise\/securite-et-ethique\/","title":{"rendered":"S\u00e9curit\u00e9 et \u00e9thique"},"content":{"rendered":"<h3>Politiques d&#8217;\u00e9thique<\/h3>\n<p>L\u2019expo-sciences Fransaskoise partage avec Sciences jeunesse Canada et l\u2019expo-sciences pancanadienne les m\u00eames politiques d\u2019\u00e9thique.\u00a0 Veuillez vous assurer que vos projets soient conformes \u00e0 ces politiques.<\/p>\n<p>Lien : <a href=\"https:\/\/youthscience.public.doctract.com\/doctract\/documentportal\/08DB08725C8096B9725B972456CCEC06\">Politiques d&#8217;\u00e9thique de Sciences jeunesse Canada<\/a><\/p>\n<h3>Politiques de s\u00e9curit\u00e9<\/h3>\n<p>L\u2019expo-sciences Fransaskoise partage avec Sciences jeunesse Canada et l\u2019expo-sciences pancanadienne les m\u00eames politiques de s\u00e9curit\u00e9.\u00a0 Veuillez vous assurer que vos projets soient conformes \u00e0 ces politiques.<\/p>\n<p>Lien: <a href=\"https:\/\/youthscience.public.doctract.com\/doctract\/documentportal\/08DB08725C8095CDEEE229D749140DC0\">Politiques de s\u00e9curit\u00e9 de Sciences jeunesse Canada<\/a><\/p>\n<h3><strong>Lignes directrices sur l&#8217;utilisation de l&#8217;IA g\u00e9n\u00e9rative<\/strong><\/h3>\n<p>L\u2019expo-sciences Fransaskoise partage avec Sciences Jeunesse Canada et l\u2019expo-sciences pancanadienne les m\u00eames lignes directrices sur l&#8217;utilisation de l&#8217;intelligence artificielle (IA) g\u00e9n\u00e9rative.\u00a0 Veuillez vous assurer que vos projets soient conformes \u00e0 ces lignes directrices.<\/p>\n<p>Lien: <a href=\"https:\/\/youthscience.public.doctract.com\/doctract\/documentportal\/08DC44627C5313AABD4668A5EFB1B73D\">Lignes directrices sur l&#8217;usage de l&#8217;IA g\u00e9n\u00e9rative de Sciences jeunesse Canada<\/a><\/p>\n","protected":false},"excerpt":{"rendered":"<p>Politiques d&#8217;\u00e9thique L\u2019expo-sciences Fransaskoise partage avec Sciences jeunesse Canada et l\u2019expo-sciences pancanadienne les m\u00eames politiques d\u2019\u00e9thique.\u00a0 Veuillez vous assurer que vos projets soient conformes \u00e0 ces politiques. Lien : Politiques d&#8217;\u00e9thique de Sciences jeunesse Canada Politiques de s\u00e9curit\u00e9 L\u2019expo-sciences Fransaskoise partage avec Sciences jeunesse Canada et l\u2019expo-sciences pancanadienne les m\u00eames politiques de s\u00e9curit\u00e9.\u00a0 Veuillez vous [&hellip;]<\/p>\n","protected":false},"author":22,"featured_media":0,"parent":0,"menu_order":0,"comment_status":"closed","ping_status":"closed","template":"","meta":{"footnotes":""},"class_list":["post-502","page","type-page","status-publish","hentry"],"_links":{"self":[{"href":"https:\/\/region.youthscience.ca\/fransaskoise\/wp-json\/wp\/v2\/pages\/502","targetHints":{"allow":["GET"]}}],"collection":[{"href":"https:\/\/region.youthscience.ca\/fransaskoise\/wp-json\/wp\/v2\/pages"}],"about":[{"href":"https:\/\/region.youthscience.ca\/fransaskoise\/wp-json\/wp\/v2\/types\/page"}],"author":[{"embeddable":true,"href":"https:\/\/region.youthscience.ca\/fransaskoise\/wp-json\/wp\/v2\/users\/22"}],"replies":[{"embeddable":true,"href":"https:\/\/region.youthscience.ca\/fransaskoise\/wp-json\/wp\/v2\/comments?post=502"}],"version-history":[{"count":5,"href":"https:\/\/region.youthscience.ca\/fransaskoise\/wp-json\/wp\/v2\/pages\/502\/revisions"}],"predecessor-version":[{"id":513,"href":"https:\/\/region.youthscience.ca\/fransaskoise\/wp-json\/wp\/v2\/pages\/502\/revisions\/513"}],"wp:attachment":[{"href":"https:\/\/region.youthscience.ca\/fransaskoise\/wp-json\/wp\/v2\/media?parent=502"}],"curies":[{"name":"wp","href":"https:\/\/api.w.org\/{rel}","templated":true}]}}